factor of m and 6.
6
Let f be 0*(0 - 1) + 4. Suppose 30 = 4*l - z, f*l + 3 = -3*z + 25. Calculate the highest common divisor of l and 21.
7
Suppose 0 = -4*l + 5*v + 45, -2*v - 32 + 2 = -4*l. What is the greatest common factor of l and 20?
5
Suppose -3*m + 68 - 5 = 0. Let u be ((-21)/2)/(2/(-4)). What is the greatest common factor of m and u?
21
Let y(q) = q**2 + 4*q - 11. Let u be y(-6). Calculate the greatest common factor of u and 2.
1
Let q(k) = -k**3 - 4*k**2 + 9*k + 6. Let d be q(-6). Suppose 0 = 5*w - 0 - 60. What is the greatest common factor of d and w?
12
Suppose -2*y - 2*y = -24. Suppose 0 = -2*m - 0*m - y, -5*m + 480 = 5*d. Calculate the highest common divisor of 11 and d.
11
Suppose -r - 15 - 87 = -4*q, 0 = -2*r - 4. Calculate the greatest common factor of 5 and q.
5
Let q = -91 + 186. What is the highest common divisor of q and 38?
19
Let v(i) = i**3 - 7*i**2 - 8*i + 6. Let m be v(8). What is the highest common divisor of m and 42?
6
Let f = 8 - 4. Suppose 0 = -4*k + i + 15, -i = -5*k + 15 + 4. Suppose -k*m + 60 = m. Calculate the highest common divisor of f and m.
4
Let x be 4/24*40*9. Calculate the greatest common divisor of x and 36.
12
Let q = 270 - 172. Let n = 17 - 3. Calculate the greatest common divisor of q and n.
14
Let q be ((-40)/(-3))/(2/12). Let p be ((-6)/(-15))/1*25. Calculate the greatest common factor of p and q.
10
Let f = -62 + 96. What is the highest common divisor of 85 and f?
17
Let w(o) be the first derivative of -o**2 + 41/3*o**3 - o + 1. Let n be w(-1). What is the highest common divisor of 14 and n?
14
Let d = -117 - -249. What is the highest common factor of d and 12?
12
Let l be 2/(-14) - (-855)/105. Calculate the highest common factor of l and 72.
8
Let y = -10 + 30. Suppose -t + 44 = 3*b, b - 14 + 2 = t. Let k = b + -6. Calculate the highest common divisor of y and k.
4
Suppose 0 = 4*w - 22 - 10. Let g(k) = -k + 9. Let j be g(7). Suppose -j*v + 2*s = -148, 0*v - s = -4*v + 290. What is the greatest common divisor of w and v?
8
Suppose 4*c + 4 = 148. Let a be (-8)/c - 227/(-9). Calculate the highest common divisor of a and 5.
5
Let j = 7 - -23. Calculate the highest common divisor of 30 and j.
30
Suppose 5*z - 3 = 4*z. Suppose -4*i - 8 = -z*w, w = -0*i + 5*i - 1. Let j = 13 + -9. Calculate the greatest common factor of w and j.
4
Let z = -16 - -52. Suppose -5*o - 6 = -z. Let j be 10/3*o/4. Calculate the greatest common divisor of 2 and j.
1
Let h be 3/((-3)/(-29)) - 1. What is the greatest common divisor of 7 and h?
7
Let n = 16 - -34. Suppose -2 = 4*f - n. What is the highest common factor of f and 60?
12
Let y(d) = d**2 - d + 62. Let x be y(0). Let w be 1/(-3) + x/6. What is the highest common factor of w and 50?
10
Let y be (-6)/(-9) + (0 - 328/(-12)). Calculate the highest common divisor of y and 56.
28
Let p be 14/2*(15 + -14). Let u = 48 - -15. What is the greatest common factor of p and u?
7
Suppose 5*a + 4*g - 175 = 0, -g = 2*g - 15. Let c = -107 + a. Let d be c/(-16) + (-1)/(-4). What is the greatest common divisor of d and 5?
5
Let j(l) = l**2 - 3*l + 4. Let m be j(-3). Let u = 11 - 6. Suppose 3*q - u*h - 35 = -4*h, 4 = -2*h. What is the highest common divisor of m and q?
11
Let z be (58/8)/(55/(-60) - -1). What is the highest common factor of 29 and z?
29
Let c = 17 - 7. Suppose -20 - c = -5*p. What is the highest common divisor of 12 and p?
6
Suppose -4*f = -3*f - 5. What is the greatest common divisor of 35 and f?
5
Suppose 6 - 62 = -7*k. Let f(o) = -o**2 + 10*o - 11. Let y be f(k). What is the highest common factor of 45 and y?
5
Let g = -5 + 3. Let m be g/8 - 25/(-4). What is the greatest common divisor of m and 24?
6
Suppose 3*c - 18 = -q, 2*c + 55 = 5*q - 18. Let m = 2 + 2. Suppose h + 552 = 3*j + 146, m*h + 409 = 3*j. Calculate the highest common divisor of j and q.
15
Let z be (0 + -2)/(-2) + -1. Suppose z = -g - 7 + 45. Suppose -5*x = -3*x - g. What is the highest common factor of 209 and x?
19
Let l(y) = 4*y - 1. Let j(f) = f - 3. Let h be j(6). Let z be l(h). What is the greatest common factor of z and 11?
11
Let h = 44 + -41. Calculate the greatest common factor of h and 51.
3
Suppose 3*s = 89 + 4. Let n = s + -7. What is the greatest common factor of n and 6?
6
Let w = 14 + -2. What is the highest common factor of w and 60?
12
Suppose 34 = 3*i - 2. Let b(z) = 8*z**2 + z. Let v(u) = u**2 - 4*u + 1. Let a be v(3). Let m be b(a). Calculate the highest common divisor of i and m.
6
Let t(d) = 185*d**3 - 2*d**2 + 3*d - 2. Let g be t(1). What is the greatest common divisor of 23 and g?
23
Let j(l) = l + 10. Let h be j(-8). Suppose -6*n = -h*n - 32. Suppose 0*a + 4*a - 160 = 0. What is the highest common divisor of a and n?
8
Let d(b) = b**3 - 5*b**2 + 3. Let o be d(5). Suppose 2*p - o*w = -7, -2*p + 0 + 8 = 2*w. Calculate the greatest common factor of 5 and p.
1
Let k(l) = 36*l + 1. Let y be k(1). Let j = 8 + y. Calculate the greatest common divisor of j and 9.
9
Let w(c) = -c**3 - 5*c**2 - 2*c - 5. Suppose 2*i = -3*i - 25. Let z be w(i). Suppose z = -0*d + d. Calculate the highest common divisor of d and 5.
5
Let n(f) = -f**2 + 2*f + 4. Let d be n(0). What is the greatest common divisor of 4 and d?
4
Let t(k) = k**3 - 6*k**2 + 8. Let u be t(6). What is the highest common divisor of u and 88?
8
Let u = -21 + 41. Suppose 5*q = 2*m + 49 + 18, u = 5*m. Calculate the highest common divisor of 10 and q.
5
Suppose 4*i + 17 = 5*n + 7, 9 = 3*n - 3*i. Let d be (5 + (n - 1))*36. Calculate the greatest common factor of d and 9.
9
Suppose 0 = l + 1 - 2. Let x = l + -1. Let p be -2 + (x - 6/(-2)). Calculate the highest common factor of 1 and p.
1
Suppose -2*c = -63 - 63. What is the greatest common divisor of 9 and c?
9
Let s = 88 - 58. Let v(t) = 4*t**2 + 2*t. Let f be v(2). What is the highest common divisor of s and f?
10
Let m be 65 - (2 + -1) - 0. Let u(d) = -d**3 - 5*d**2 + 6*d - 6. Let z be u(-5). Let a = -20 - z. What is the highest common divisor of a and m?
16
Let w(j) = -j - 1. Let d(n) = -1. Let m(h) = d(h) - w(h). Let a be m(6). What is the highest common divisor of a and 66?
6
Suppose 5*z + 4*o + 0*o = 97, -5*o = 5*z - 95. Let b = 188 - 181. What is the highest common factor of z and b?
7
Let x(u) = -6*u - 13. Let m be x(-10). Let v = m - 74. Let y be (-6)/v + (-115)/(-9). Calculate the greatest common factor of 26 and y.
13
Suppose 0 = -2*y + 4*y + 18. Let b be (-6)/(-4)*(-330)/y. What is the highest common divisor of 11 and b?
11
Let z be (-67)/5 - (-2)/5. Let o = z + 35. What is the highest common divisor of o and 11?
11
Let h(u) = u**3 + 5*u**2 + 6. Let x be h(-5). Calculate the greatest common factor of x and 48.
6
Let w be (-1*(3 + (2 - 4)))/(-1). Calculate the greatest common divisor of w and 3.
1
Let p(n) = -13*n. Let v(r) = -r**2 + 2*r + 6. Let o be v(4). Let g be p(o). What is the greatest common factor of 13 and g?
13
Suppose 0*s - 6 = -2*s. Let p be (s - (-4)/(-2)) + 26. Let z = -5 - -14. What is the highest common factor of p and z?
9
Suppose -8 = -4*g - 4*w, 0*w - 4 = 2*g + 4*w. Let t be (2/g)/((-2)/(-12)). Let p be (10/4)/(t/4). What is the highest common divisor of 5 and p?
5
Let m(q) be the first derivative of -2*q**2 - q - 3. Let k be m(-2). What is the greatest common divisor of k and 1?
1
Let c(w) = -10*w - 4*w - w - 2. Let r be c(-2). Suppose -4*a = -4*y - 76, 4*a - 71 = -0*a + 3*y. Calculate the greatest common divisor of r and a.
14
Let f = -2 - -8. Let q = 4 + f. Calculate the greatest common divisor of 30 and q.
10
Let z = 17 - 3. Let w = 29 - z. Let q = w + 5. Calculate the greatest common factor of q and 20.
20
Suppose 1 = 4*b - q, 4*q - 1 = -5. Let m = -80 - -112. Suppose h + 10 - m = b. What is the highest common factor of 55 and h?
11
Let a = 15 + -11. Calculate the highest common factor of a and 2.
2
Suppose 781 = 3*u + 283. Suppose u = 3*n + 58. What is the highest common divisor of 12 and n?
12
Suppose -2*i + 13 - 1 = -x, -5*i = 3*x - 19. Suppose y - 199 = -5*j + 171, -i*y = 5*j - 350. Calculate the greatest common factor of 15 and j.
15
Let m = -86 + 95. Calculate the highest common factor of 117 and m.
9
Let u(x) = 4*x - 22. Let i be u(12). Calculate the greatest common factor of 13 and i.
13
Let t = -22 - -43. Let m = -13 + t. Calculate the gr